ber?
True
Let a(f) = f**3 - 9*f**2 + 12*f - 7. Let p be a(9). Suppose -92*w = -p*w + 2637. Is w a composite number?
False
Let k = 234 + -226. Suppose k*z = z + 84371. Is z prime?
False
Let q = -378501 - -799232. Is q prime?
True
Suppose 5*n + 5 = -5*v, 4*v + 0*n = -3*n - 1. Let a(c) = 3*c**2 - 1 - 4*c**2 - 16*c - 10*c + v. Is a(-16) prime?
False
Let m(a) = 5*a**3 - 9*a**2 + 10*a + 59. Let c be m(14). Let n = 666 + c. Is n composite?
False
Let g be 1/3 + 0 + 5/3. Suppose g*v + 4*o + 174 = 6*o, 281 = -3*v - o. Is (3/((-12)/(-667)))/((-23)/v) prime?
False
Suppose 1463522 = 68*o + 20789 - 10699. Is o a composite number?
True
Suppose -12*y + 271408 = -565628. Is y prime?
False
Suppose -17*c = -12*c + 4*x - 268037, 5*x = -10. Is c a composite number?
False
Suppose 1005 = r + 3*b - 758, -2*r = -b - 3554. Suppose -4397 = -4*a + r. Is a prime?
True
Suppose 195*f + 126*f - 8085149 = 57322132. Is f a prime number?
True
Let o(f) = -f**2 + 3*f + 4. Let d be o(-2). Is (3 - 2)*1 + d + 688 a composite number?
False
Suppose -q - 3*q + 26 = 5*x, -4*x - 4 = -3*q. Is (-31773)/42*x*-1 prime?
False
Suppose -3*t = -3*q - 290832, 0 = -t - 18*q + 17*q + 96950. Is t a prime number?
False
Suppose 5*v + n = 854814, 2*v - 52*n = -49*n + 341929. Is v composite?
True
Let u(w) = w**2 - 34*w - 11. Let f be u(16). Let r = 934 + f. Is r composite?
True
Suppose -7*z - 5*z + 16 = -128. Let h be (-15 + 2/(-2))*1. Is h/z + 4915/3 a prime number?
True
Suppose -11*w + 4146 = -8*w. Let k = -493 + w. Is k a prime number?
False
Is 37/(-2)*-2*(12329 + 18) - 4 composite?
True
Suppose 0 = -5*s + 5*g + 221270, -3*g - 46291 + 223272 = 4*s. Is s a composite number?
False
Suppose 2*u - 9690679 = -51*u - 0*u. Is u composite?
True
Is 4/(-8 + 6) + -9 + 458758 composite?
False
Let b = 14 - -67. Suppose 85 = y + b. Suppose -c + y*v = -399, 5*c - 5*v = 1428 + 582. Is c a prime number?
False
Let y = -411 - -380. Is (y/124)/(2/(-122392)) composite?
False
Let u(z) be the second derivative of 0 + 14*z + 1/2*z**3 + 1/20*z**5 + 23/2*z**2 - 3/2*z**4. Is u(21) a composite number?
False
Let z be (-21 + 3)/(3/(-7886)). Suppose -6*d + z = -38826. Let p = -8434 + d. Is p prime?
True
Let a be (1 + 0 + -7)/((-1)/(12/8)). Let d be 30/8*(-8)/(-3). Suppose -2561 = -d*x + a*x. Is x a composite number?
True
Let b(q) = -31*q - 26. Let h = 104 + -78. Let p be (h/(-6) + 5)/(4/(-18)). Is b(p) prime?
True
Suppose x = -2, z - 1 = -4*x + 2*x. Suppose -3*m + 4867 + 7600 = z*n, -4*m + 2*n + 16640 = 0. Is m composite?
False
Suppose 2*a + 3*a + 210 = 0. Let w = a + 44. Suppose 0*y + 2*y = 2*b - 228, -w*b + 3*y = -229. Is b prime?
True
Let j(c) be the third derivative of 16*c**5/5 - c**4/24 + 10*c**3 + 2*c**2 + 13*c. Is j(7) composite?
False
Suppose -71*c - 135 = -74*c. Is ((-596)/(-10))/(2/c*9) a prime number?
True
Suppose -32*c - 55 = -37*c. Let u(n) = 393*n + 13. Let t be u(c). Let x = t + -1923. Is x a prime number?
False
Let g(v) = -8*v**2 - 30*v - 1. Let m be g(-8). Let i = m + 692. Suppose b - 1636 = -i. Is b a composite number?
False
Let f(r) = r**3 - 12*r**2 + r - 8. Let z be f(12). Suppose -z*w + 4*m - 5*m + 5 = 0, w = -4*m + 20. Is 64454/8 + (w - 1/(-4)) prime?
False
Let v = -10809 + 23896. Is v prime?
False
Suppose -4*l - 4*r = -39464, -3*l = -l - 2*r - 19728. Is (0 + -2)/(-11 - (-108505)/l) a prime number?
True
Let u(p) = 128*p**2 + 15*p - 5. Let b be u(4). Suppose 0 = -5*n - 4*a + 8145 + 2365, n + a = b. Is n a prime number?
False
Let d = 97445 + -34600. Is d a composite number?
True
Let k = -51 + 39. Let y be (k/9 - 0)/((-4)/6). Suppose 0 = -m - 5, y*a - 3*m + 0*m = 1901. Is a composite?
True
Is 3/2 + 46/(-36) - (-712734)/54 a prime number?
False
Let z(y) = 4*y**2 - 2*y. Let h be z(6). Suppose -28*k = -30*k + h. Is 11/(k/1104) - -1*1 a prime number?
False
Suppose 9*m + 103 - 877 = 0. Suppose 2*l = -450 - m. Let x = l + 491. Is x prime?
True
Suppose -2*y = -181 - 15. Let i = 106 - y. Suppose -10752 = -i*k + 2296. Is k composite?
True
Suppose 0 = -5*d + 3*r - 0*r + 79, 0 = -2*d + 4*r + 40. Suppose 2*y - d = 2*f, -13 = -4*y - 0*f + f. Is ((3/y)/(-3))/((-24)/1632) a prime number?
False
Let o = 40974 + -6463. Is o composite?
False
Let k = 133962 - 77571. Is k prime?
False
Suppose 0 = 5*b - 3*b + 162228 - 1372802. Is b prime?
False
Suppose 0 = 70*x - 69*x - 2182. Suppose -x = -2*l - 0*l. Is l a composite number?
False
Suppose t = 3*x + 32, 2*t - 48 = -5*x + 71. Let v = -34 + t. Suppose 8*c = v*c - 6995. Is c a prime number?
True
Let h = 983 - 632. Let i = 81 - 25. Suppose -i + h = m. Is m a composite number?
True
Suppose -2*o = -11*t + 6*t - 10, 20 = 4*o. Suppose x - 1806 - 677 = t. Is x a prime number?
False
Is (-3730802)/114*(143/(-39) + 4/6) composite?
False
Let v(o) = -o**3 + 13*o**2 - 2*o + 26. Let m be v(13). Suppose m = -5*r - 2*h + 21481, 0 = -2*r - 2*r - 4*h + 17180. Is r composite?
False
Let q(n) = 3*n**3 + 27*n**2 + 10*n + 37. Let f(r) = -2*r**3 - 14*r**2 - 5*r - 19. Let z(s) = 11*f(s) + 6*q(s). Is z(-8) a composite number?
True
Is 37*29665/45 + 8/(-36) a composite number?
False
Let m(v) = v**3 + 7*v**2 + 2*v + 14. Let d(p) = p**2 + 5*p - 13. Let u be d(-6). Let j be m(u). Suppose 1869 = 2*g - f, -2*f - 927 = -g - j*f. Is g prime?
True
Let t be (-1)/(-2) + 24/16. Is (12568/12 + 7)/(t/6) prime?
True
Suppose -788*u + 260*u + 263750371 = -137435117. Is u a composite number?
False
Let a(n) = n + 1. Let l(k) = -2*k + 17. Let u(h) = -3*a(h) + l(h). Let x be u(0). Suppose x*r = 18*r - 3476. Is r composite?
True
Suppose 2*w + 171*d - 167*d = 845634, -4*d = -4*w + 1691364. Is w a composite number?
True
Is (20 + -17)*5855/1 + -7 prime?
False
Suppose 3*t - t = 8. Let v(n) be the first derivative of 4*n**3/3 + 5*n**2/2 - 7*n - 7. Is v(t) prime?
False
Suppose -8*c + 1192 = -600. Suppose 80 = -18*p + c. Suppose 0 = p*n - 822 - 194. Is n prime?
True
Suppose o = -o - 38. Let a(n) = -3*n - 47. Let m be a(o). Suppose 5*u = m*u - 12715. Is u a composite number?
False
Let b(z) be the first derivative of -33*z**2/2 + 55*z + 51. Is b(-8) prime?
False
Let k(t) = 4666*t - 41. Is k(55) a prime number?
True
Let v(f) = -384*f - 5. Let w(b) = -4*b**2 + 3*b + 1. Let y be w(-1). Let n be v(y). Suppose 2*d = -5*r + n, 3*r + 1296 = -3*d + 4722. Is d a prime number?
False
Let u be 3*(-18452)/(-12)*1. Let j = u - -7092. Is j a prime number?
False
Let y be (-3)/((-36)/(-700)) - 8/12. Is y*(-66)/6 - 2 a prime number?
True
Let p = 13619 - 6541. Let l = -1125 + p. Is l composite?
False
Let i(b) = -b + 2. Let r be i(-10). Let m be (r/8)/((-1)/(-934)). Let v = m - 586. Is v prime?
False
Let m = 129608 - 84704. Is 38/190 - m/(-5) a prime number?
False
Suppose 4*h = -3*j + 36415, 2*j + 27327 = 3*h - j. Let o = -3959 + h. Is o a prime number?
True
Let g(q) = -q**3 + 6*q**2 - 3*q + 22. Let h be g(6). Suppose c + 5*t = 5*c - 40956, 0 = -4*c + h*t + 40956. Is c prime?
False
Let j(o) be the third derivative of 19*o**4/6 - o**3/2 - 3*o**2. Let w be j(2). Suppose -w - 332 = -p. Is p prime?
False
Let p(n) = 2*n - 2. Let f be p(2). Suppose -d + 0*j + f*j = -187, -5*d - j + 902 = 0. Suppose -4*u - 80 = -a + d, -255 = -a + u. Is a composite?
True
Let m(w) = -167*w - 14. Let z(y) = 1001*y + 84. Let h(u) = 35*m(u) + 6*z(u). Let g be h(-2). Let n = g + 595. Is n prime?
False
Let t = -44 + 50. Suppose -3*m - 2*k + t = 0, 0*m = 4*m + 4*k - 12. Suppose m = a - 352 - 315. Is a prime?
False
Suppose 5*o - 217106 = 2*w + 21454, 3*w - 15 = 0. Is o a composite number?
True
Suppose 24*o = 27*o + 2*p - 56239, -5*o + 35*p = -93540. Is o a composite number?
False
Let j = 1237 - 20. Is j a prime number?
True
Let i(y) = 162*y + 107. Let h(u) = 159*u + 109. Let p(r) = -2*h(r) + 3*i(r). Is p(22) prime?
False
Let y = -5181 + 14039. Let l = y - 5505. Is l a prime number?
False
Suppose -12440 = -2*o - 6*o. Suppose -3*p = -41648 - o. Is p composite?
False
Let q = -1027633 + 1673912. Is q prime?
False
Is ((-33261 - 44)*(-2)/(-5))/((-4)/2) composite?
False
Let u be ((-22)/(-4) + -6)*-4. Suppose -2*d + 3*d = -u*f + 8393, -4*f = 3*d - 25185. Is d composite?
True
Let b be -2 - (21/42 - 9/2). Let k(x) = 708*x**2 + 2*x - 5. Is k(b) a composite number?
True
Let h(q) = -142903*q + 510. Is h(-1) prime?
True
Suppose 0 = -4*i - 5*x + 249816, 5*i - 276915 = 2*x + 35388. Is i prime?
True
Let p(